e 6
-1435434
What is -10100250 (base 8) in base 9?
-4005834
-2622022 (base 9) to base 11
-898795
What is 2932497 (base 10) in base 14?
5649a1
Convert 1102220210 (base 3) to base 16.
6ed3
57503 (base 8) to base 4
11331003
Convert -2458ca (base 13) to base 10.
-869333
21112130 (base 5) to base 13
620bc
Convert 3a2501 (base 16) to base 10.
3810561
579715b (base 12) to base 2
1000000010110110100010111
Convert 2ec36 (base 15) to base 16.
24ed3
Convert -3962ad (base 14) to base 2.
-111100010011110100001
Convert -109796 (base 11) to base 3.
-22211122210
Convert 2412140332 (base 5) to base 13.
1206764
What is -543692 (base 11) in base 7?
-10245322
10100100111101110010 (base 2) to base 7
5512652
Convert -11210202021 (base 3) to base 7.
-542524
Convert -3210410 (base 5) to base 15.
-10e55
-448d (base 16) to base 9
-26058
1020001200200 (base 3) to base 14
12d23a
Convert 1b0ca0 (base 13) to base 6.
22423234
Convert -7334144 (base 9) to base 3.
-21101011011111
Convert -27061624 (base 8) to base 13.
-133cc32
What is 121412414 (base 5) in base 9?
1067082
210211020001 (base 3) to base 8
1506750
Convert 12750a (base 13) to base 15.
8bb34
1021022233 (base 4) to base 11
195190
Convert 111100010001101010000 (base 2) to base 4.
13202031100
What is -25a0665 (base 12) in base 4?
-130110212231
What is -666139 (base 10) in base 12?
-2815b7
Convert 32437 (base 11) to base 7.
254226
Convert 43932 (base 11) to base 8.
174301
What is 3771858 (base 11) in base 12?
2238861
What is 24992 (base 12) in base 15?
eb45
23122301 (base 4) to base 16
b6b1
-200421103 (base 5) to base 15
-10a903
Convert -c1551 (base 13) to base 8.
-1243360
Convert -76de0 (base 16) to base 11.
-302889
Convert 3665a (base 13) to base 2.
11000011001110010
Convert -232401122 (base 6) to base 12.
-15461a2
What is 15a0d (base 16) in base 13?
31427
2133824 (base 10) to base 7
24065030
What is 3aa0 (base 12) in base 7?
25443
-b41b46 (base 13) to base 3
-21220111212011
44214120 (base 5) to base 4
1131113022
840997 (base 13) to base 2
1011110001011110011001
-100101010111101111 (base 2) to base 7
-1205162
Convert -1331231221 (base 4) to base 12.
-209ba1
What is -3007d (base 15) in base 11?
-a4216
What is -128941 (base 11) in base 13?
-70cc4
194a70 (base 11) to base 3
120012202001
Convert 7990163 (base 10) to base 7.
124625636
a2317 (base 13) to base 6
10121015
Convert 157d71 (base 14) to base 2.
10110111100010001111
-1110101001101001000010 (base 2) to base 16
-3a9a42
-5c702 (base 15) to base 5
-33421302
Convert -1077037 (base 9) to base 6.
-20252441
Convert -20101021210 (base 3) to base 12.
-60826
What is 3845868 (base 10) in base 11?
2197504
Convert 59c67a (base 13) to base 10.
2140993
20431212 (base 5) to base 15
35922
Convert -123317 (base 8) to base 6.
-525411
What is 100211301131 (base 4) in base 10?
4349021
39063d (base 14) to base 12
7a6627
What is -1155667 (base 9) in base 8?
-2311437
What is -2023120320 (base 4) in base 16?
-8b638
-22813 (base 14) to base 2
-10100011111000001
231011 (base 9) to base 15
2b09a
-102123120 (base 4) to base 13
-28482
What is 101111110212 (base 3) in base 7?
1520330
Convert 10010000110011100010 (base 2) to base 6.
20413534
Convert -2243686 (base 9) to base 11.
-757088
-2161263 (base 7) to base 10
-266997
Convert -2d787 (base 16) to base 11.
-117a26
-1cf283 (base 16) to base 8
-7171203
Convert 1c27a (base 15) to base 16.
1662a
113135156 (base 7) to base 11
3a29543
What is -425550 (base 8) in base 6?
-3014132
What is -1b09d (base 15) in base 14?
-24066
1774152 (base 8) to base 2
1111111100001101010
What is 8eba9 (base 15) in base 9?
762876
Convert -1110011110011001100 (base 2) to base 14.
-c4bda
-25516713 (base 8) to base 7
-66151352
-1013313 (base 6) to base 16
-be4d
What is 120211211021120 (base 3) in base 2?
100000000111111000010011
What is 3773f9 (base 16) in base 8?
15671771
What is 17572260 (base 9) in base 14?
1263a22
Convert -214005 (base 10) to base 11.
-136870
Convert -502193 (base 11) to base 6.
-25153220
What is 106bb5 (base 12) in base 8?
775471
76872 (base 11) to base 3
12122222101
20208b (base 12) to base 11
312641
44800 (base 11) to base 4
33311120
-738329 (base 10) to base 3
-1101111210112
Convert 553240312 (base 6) to base 9.
20657538
Convert -ab0c (base 16) to base 13.
-16c14
-43324013 (base 5) to base 16
-5a74c
-ba017 (base 13) to base 3
-122002010102
What is 258398 (base 11) in base 10?
406425
-311330001122 (base 4) to base 2
-110101111100000001011010
26444b (base 13) to base 9
1656687
Convert -1270271 (base 8) to base 15.
-70992
Convert 11626231 (base 8) to base 13.
6bb733
Convert -168499b (base 12) to base 7.
-54360104
What is 23123042 (base 5) in base 14?
55a9b
Convert -3056443 (base 7) to base 6.
-11512101
What is 51b47 (base 15) in base 3?
111011100011
-123301001 (base 4) to base 13
-3c9c5
What is 101111001001010010 (base 2) in base 15?
3c33b
Convert -58bc4 (base 16) to base 4.
-1120233010
Convert -29ca3 (base 16) to base 9.
-280720
What is -2734b (base 13) in base 2?
-10001110101101111
Convert -326d7a (base 14) to base 5.
-414200144
What is 1760634 (base 8) in base 3?
222020111221
Convert -43eaa (base 15) to base 9.
-358177
What is 101101100111 (base 2) in base 3?
11000010
-27617704 (base 8) to base 12
-2107804
-67411 (base 8) to base 16
-6f09
Convert -410861 (base 9) to base 15.
-4c20a
Convert -55555426 (base 7) to base 10.
-4803931
-10c7bb (base 13) to base 6
-12315110
Convert -1eb2e (base 15) to base 7.
-565460
What is 3318703 (base 10) in base 13?
8c273b
Convert 37318b (base 12) to base 15.
12ac08
Convert -42b6ba (base 12) to base 5.
-232304224
What is -a7bb9 (base 13) in base 11?
-197715
What is -44cbd2 (base 14) in base 7?
-25614552
What is -1211221122 (base 3) in base 2?
-1000111000111101
Convert 4cc512 (base 15) to base 14.
6bd758
What is 11c425c (base 13) in base 8?
25127725
Convert 10334353 (base 9) to base 16.
4c08de
-6434a (base 11) to base 14
-2616b
What is -21b2e4 (base 15) in base 13?
-4436b0
What is -3103402 (base 6) in base 4?
-210100322
-123222201 (base 4) to base 12
-556a9
Convert 1445106 (base 7) to base 9.
328176
Convert 44626b7 (base 12) to base 11.
7416317
166a770 (base 11) to base 4
22311112023
1000000111010011111110 (base 2) to base 14
3d527c
810b3 (base 15) to base 10
408543
Convert -3a8cb (base 13) to base 14.
-2bb00
a83864 (base 11) to base 6
101045341
What is -1100313322 (base 4) in base 11?
-206974
Convert 197b4a4 (base 14) to base 16.
c15418
What is a57b2 (base 14) in base 9?
667786
-5a702 (base 14) to base 13
-7970b
Convert 3120798 (base 10) to base 8.
13717236
8873363 (base 9) to base 6
250142050
116065 (base 9) to base 7
411131
Convert -110020301 (base 4) to base 2.
-10100001000110001
Convert 445616 (base 8) to base 4.
210232032
What is -889172 (base 11) in base 15?
-1d00e5
What is 23522 (base 10) in base 15?
6e82
Convert -217741 (base 9) to base 4.
-133310332
What is -27c5ba (base 16) in base 4?
-21330112322
5a3304 (base 12) to base 16
163bf4
Convert -118845 (base 12) to base 14.
-75a05
What is -203303203132 (base 4) in base 16?
-8f38de
2ba6493 (base 12) to base 3
121210120021110
Convert -2120051 (base 6) to base 11.
-70a13
Convert 4383441 (base 9) to base 6.
122312231
Convert -245992 (base 10) to base 5.
-30332432
What is 3515662 (base 7) in base 13?
125c08
-13101001220 (base 4) to base 7
-22122122
Convert 15b051 (base 13) to base 6.
15312135
What is -11404 (base 13) in base 14?
-b658
What is 144513 (base 8) in base 16?
c94b
What is 44511245 (base 6) in base 13?
382079
Convert -2698b8 (base 15) to base 5.
-433323343
What is -6114627 (base 8) in base 4?
-12021212113
Convert 222283 (base 9) to base 5.
13223130
-6f (base 16) to base 13
-87
-46224537 (base 8) to base 2
-100110010010100101011111
-13031001301 (base 4) to base 14
-372277
-2013308 (base 9) to base 14
-1dc8ad
Convert 6550472 (base 9) to base 16.
35aa9d
What is -1110110221201 (base 3) in base 14?
-163299
11333301322 (base 4) to base 2
101111111110001111010
100000000011111100011100 (base 2) to base 15
b10479
Convert -14bb6 (base 16) to base 12.
-41186
What is 1413244343 (base 5) in base 14?
6b0245
What is bbc79 (base 13) in base 12?
145042
3322032 (base 5) to base 16
e1a7
What is -5846 (base 12) in base 13?
-4635
155924 (base 14) to base 4
2311333030
-101